ist the prime factors of w.
2, 23
Let k be (18/27)/((-2)/(-6)). Suppose k*w + 2*y = 110, -6*w + 281 = -w + 2*y. List the prime factors of w.
3, 19
Let m(f) = f**2 - 5*f - 2. Let a be m(6). Suppose a*y - 2*k - 6 = 0, -3*k + 3 - 5 = y. List the prime factors of -30*(y + 5/(-3)).
2, 5
Let g(l) = 4*l**2 + 3*l - 12. Let v(t) = -t**2 + 1. Let r(w) = g(w) + 3*v(w). Let j be r(7). List the prime factors of (-1)/(2/(-2*j)).
61
Let j(i) = -5*i**2 - 7*i + 22. Let q be j(5). List the prime factors of (7 - 1)*(-1)/(12/q).
3, 23
Suppose -5*g - 35*h = -33*h - 5395, 4333 = 4*g + 5*h. List the prime factors of g.
3, 359
Let g(b) = b**2 + 8*b - 48. What are the prime factors of g(-31)?
5, 7, 19
Let t(u) = 2*u**2 + u + 14. Let w be t(10). Let s = w + -157. What are the prime factors of s?
67
Let k = 345 + -595. Let w = -152 - k. List the prime factors of w.
2, 7
Suppose b = -4*j + 1 + 3, 1 = j + 4*b. Let k be 2/(-4*j)*0. Suppose k = -4*w + 119 + 1. What are the prime factors of w?
2, 3, 5
Let r = 704 - -69. Suppose 4*x - r = -297. What are the prime factors of x?
7, 17
Let m(a) = -a**3 + 21*a**2 - 2*a + 40. List the prime factors of m(16).
2, 7, 23
Suppose 0*q = q - 1. Suppose -s = 4*s - 3*f - 10, -4*s + f = -q. Let x(g) = 29*g**2 + 3*g + 1. List the prime factors of x(s).
3
Let v = 34 + -33. Suppose -v - 1 = -b. What are the prime factors of b?
2
Let u = 1647 + 365. List the prime factors of u.
2, 503
Let k(o) = o**3 + 5*o**2 - 9*o - 24. Let b be k(-6). Let v(t) be the first derivative of t**3/3 + 2*t**2 - t + 1. List the prime factors of v(b).
11
Suppose -5*x = -2*m - 0*m - 2712, 538 = x + 4*m. Let s = x + -320. List the prime factors of s.
2, 3, 37
Let q(v) = v**2 + 7*v + 6. Let j be q(-6). Let a(n) = -4*n**2 + 5*n**2 + 6*n**3 + 25 + 12*n**3 - 19*n**3. What are the prime factors of a(j)?
5
Suppose -8476 = -2*g - t, -2*g - 4*t + 3748 = -4722. What are the prime factors of g?
3, 157
Suppose -17*c + 2305 = -4172. List the prime factors of c.
3, 127
Let r = 693 - 387. Suppose -2*t + r = t. What are the prime factors of t?
2, 3, 17
List the prime factors of 181728/112 - 8/14.
2, 811
Let j(d) = 15*d**2 - 6*d + 1. Let h(q) = -q**3 + 3*q**2 - 1. Let k be h(2). What are the prime factors of j(k)?
2, 59
Suppose 4 = -2*g - 6. What are the prime factors of (-145)/g - (0 + 0)?
29
Let h = -5 + 9. Suppose u + 0 - 1 = 0, -5*d - 5*u + 15 = 0. Suppose d*p = h*m + 46, -5*p + 12 = 4*m - 131. List the prime factors of p.
3
Suppose 5*a - 23 = -28, -9172 = -3*q + a. What are the prime factors of q?
3, 1019
Let c(w) = 6*w**2 - 2*w + 201. What are the prime factors of c(-17)?
11, 179
Suppose -8*o + 7592 - 1488 = 0. What are the prime factors of o?
7, 109
Let a(i) = i**3 - 18*i**2 + 17*i + 33. Let d be a(17). What are the prime factors of 4*3/(-2)*(-704)/d?
2
Let l be (-8)/(-3) - 2/(-6). Let f(o) = o**3 - 4*o**2 + 2. Let d be f(l). What are the prime factors of -2 + -2 + 1 - d?
2
Suppose 0 = -2*o + 2*x + 820, 11*o - 7*o - 3*x - 1643 = 0. List the prime factors of o.
7, 59
Suppose -23*w - 326 = -25*w. What are the prime factors of w?
163
Let v(k) = k**3 + 9*k**2 - 10*k + 4. Let t be v(-10). Suppose 0*q = 2*q + c - 233, q - t*c - 130 = 0. What are the prime factors of q?
2, 59
Let o = -46 + 62. List the prime factors of (-100)/o + 6 - 269/(-4).
67
Let w(v) = -v**2 - 39*v + 28. Let o be w(-17). Suppose -3*x = -o + 75. List the prime factors of x.
109
Suppose -6 = -4*k + 3*k. Suppose 0 = y - 34 + k. What are the prime factors of y?
2, 7
Let h(r) = 3*r + 2. Let m be h(2). Let q(d) = d + 7. Let f be q(m). Suppose -3*u - 2*u = f, -5*t + 4*u = -122. List the prime factors of t.
2, 11
Let w = -15 + 19. Let l = w + 0. What are the prime factors of (5/l)/((-11)/(-264))?
2, 3, 5
Let c = -17 - -13. Let q = c - 2. Let k = q + 26. List the prime factors of k.
2, 5
Suppose 20*l - 4 = 19*l. Suppose -5*i + 2*t = -287, -l*i + 270 - 43 = t. List the prime factors of i.
3, 19
Let p(r) = -18*r + 320. What are the prime factors of p(-20)?
2, 5, 17
Let q = 31 + -43. Let n = -11 - q. Let y(b) = 11*b**3 - 3*b + 2. What are the prime factors of y(n)?
2, 5
Let j = 930 + 2855. What are the prime factors of j?
5, 757
Suppose -3*r = -3*z + 9, 2*r + 3*z - 6*z + 8 = 0. Let a = -3 - r. What are the prime factors of (-452)/(-12) + a/(-6)?
2, 19
Let f(h) = -51*h + 27. Let j be f(8). Let u = -132 - j. List the prime factors of u.
3, 83
Let j(z) = 15*z**2 - 24*z - z**3 + 9*z - 10*z - 6. List the prime factors of j(13).
7
Suppose 5*g = -p + 23297, -p - 11356 - 2619 = -3*g. What are the prime factors of g?
3, 1553
Suppose 0 = 3*f - 5*k - 1121, 0 = 3*f - 0*k + 4*k - 1112. List the prime factors of f.
2, 3, 31
Let g(o) = o**2 + 2*o - 3. Suppose -2*y + 3*l = -3, -2*y + 3*l = y. Let j be g(y). Let i(r) = r**3 - r**2 + r + 11. What are the prime factors of i(j)?
11
Let a(x) = -x**2 - 9*x - 16. Let q be a(-6). Suppose q*y = -1 + 7. List the prime factors of y*4/12*30.
2, 3, 5
Suppose -55*v + 60*v = 180. What are the prime factors of (5 - 17)*(-4)/(v/159)?
2, 53
Let x = -10 + 6. Let l be (40/(-16))/(2/x). Suppose b = -2*g + 38, -l*b = g - 129 - 25. What are the prime factors of b?
2, 3, 5
Let z = 4796 + -415. What are the prime factors of z?
13, 337
Let i = 99 - 79. Suppose 372 = -16*o + i*o. What are the prime factors of o?
3, 31
Let p(j) = j**3 + j**2 - j + 48. Suppose 2*w - 6*y + 2*y - 20 = 0, 5*w + 25 = -5*y. List the prime factors of p(w).
2, 3
Let w(u) be the second derivative of u**5/20 - 5*u**4/12 + 3*u**2 + 3*u. Let l be w(5). What are the prime factors of (-2)/4 + 27/l?
2
Let d = -501 + 798. What are the prime factors of d?
3, 11
Suppose -n - b = 3*n - 2182, 2723 = 5*n - b. What are the prime factors of n?
5, 109
Let g = -215 + 152. Suppose 2*w = 3*m - w - 309, -5*m - 4*w + 524 = 0. Let b = m + g. What are the prime factors of b?
41
Suppose 4*s + 6 = -5*z, -z - 3*s - 5 = 5. Suppose -n = 3*o - 332, -z*n - 5 = -3. What are the prime factors of o?
3, 37
What are the prime factors of (-6)/10 + 7 + (-1917)/(-45)?
7
List the prime factors of 1276/(0 - -2) - -3.
641
Suppose -4*h - 16 = 0, 3*h - 6 = -p + 4*h. Suppose -p*w = 3*w - 10. Suppose 2*l - l = -3*q + 77, -2*l = w*q - 46. List the prime factors of q.
3
Suppose -2*y = -2, h + 4*y - 9*y - 659 = 0. What are the prime factors of h?
2, 83
Let b be ((-96)/(-18))/8 - 968/(-6). Suppose -2*p = -2*n + 294, b = n + 14*p - 10*p. List the prime factors of n.
2, 3, 5
Let u = 247 - 87. Suppose -u = -2*c + 132. List the prime factors of c.
2, 73
Suppose x = -3*x - 32. Let l(a) = a**3 + 8*a**2 - 7*a - 10. Let d be l(x). Suppose -2*p + 0*p + d = 0. What are the prime factors of p?
23
Let p(g) = -g**3 - 31*g - 90. List the prime factors of p(-12).
2, 3, 5, 67
Let k(y) = y**3 - 2*y**2 + 3*y + 3297. What are the prime factors of k(0)?
3, 7, 157
Let k(v) = 2*v**2 - 26*v + 17. What are the prime factors of k(28)?
857
List the prime factors of ((-223)/(-2))/((-17)/(-2) - 8).
223
List the prime factors of 6*(-840)/(-32)*(-16)/(-3).
2, 3, 5, 7
Let v(r) = r**2 + 30*r - 52. List the prime factors of v(-39).
13, 23
Suppose 243 = 4*y - 0*r - 3*r, -6 = -2*r. Let m = y + -25. List the prime factors of m.
2, 19
Suppose 31729 = 35*s - 28716. What are the prime factors of s?
11, 157
Suppose 0*c - 18 = 4*c + 5*p, -5*p = 10. Let h be (-1)/c - (-795)/10. Let f = -43 + h. What are the prime factors of f?
37
Let o = 20 - 0. Suppose o = -f + 97. What are the prime factors of f?
7, 11
Suppose 0*s = -3*s. Suppose o - 6 + s = 0. What are the prime factors of (-1 + 4)*68/o?
2, 17
What are the prime factors of (52/8)/((-9)/(-7578))?
13, 421
Let n = 2 - -8. Suppose -2*s - n = 0, u = -2*u - 3*s - 84. Let o = u + 26. What are the prime factors of o?
3
List the prime factors of (-10)/((-100)/70) - -2665.
2, 167
What are the prime factors of (-10280)/(-3) + 85/(-51)?
5, 137
Let s(w) = 31*w - 477. What are the prime factors of s(33)?
2, 3, 7, 13
Let n(m) = 2*m + 14. Let x be n(-6). List the prime factors of 125 + ((-22)/(-55))/(x/5).
2, 3, 7
Let d = 37 + -32. Suppose 6 = 2*k, -d*k = 2*p - k - 150. List the prime factors of p.
3, 23
Let b = 33 + -29. Suppose b*p = 4*c + 260, c - 78 - 192 = -4*p. What are the prime factors of p?
67
Suppose -19*m + 17*m = -994. What are the prime factors of m?
7, 71
Let j(m) = -m**3 + 6*